{"id":1125,"date":"2020-04-02T19:54:47","date_gmt":"2020-04-02T22:54:47","guid":{"rendered":"https:\/\/cs42-sfe.infd.edu.ar\/sitio\/?page_id=1125"},"modified":"2025-09-16T21:25:09","modified_gmt":"2025-09-17T00:25:09","slug":"profesorado-de-educacion-secundaria-en-geografia-plan-2090-15","status":"publish","type":"page","link":"https:\/\/cs42-sfe.infd.edu.ar\/sitio\/profesorado-de-educacion-secundaria-en-geografia-plan-2090-15\/","title":{"rendered":"PROFESORADO DE EDUCACI\u00d3N SECUNDARIA EN GEOGRAF\u00cdA &#8211; PLAN 2090\/15"},"content":{"rendered":"\n<figure class=\"wp-block-gallery has-nested-images columns-default is-cropped wp-block-gallery-1 is-layout-flex\">\n<figure class=\"wp-block-image size-large\"><img decoding=\"async\" loading=\"lazy\" width=\"900\" height=\"1600\" data-id=\"2442\"  src=\"https:\/\/cs42-sfe.infd.edu.ar\/sitio\/wp-content\/uploads\/2025\/09\/WhatsApp-Image-2025-09-16-at-7.00.29-PM-5.jpeg\" alt=\"\" class=\"wp-image-2442\" srcset=\"https:\/\/cs42-sfe.infd.edu.ar\/sitio\/wp-content\/uploads\/2025\/09\/WhatsApp-Image-2025-09-16-at-7.00.29-PM-5.jpeg 900w, https:\/\/cs42-sfe.infd.edu.ar\/sitio\/wp-content\/uploads\/2025\/09\/WhatsApp-Image-2025-09-16-at-7.00.29-PM-5-563x1000.jpeg 563w, https:\/\/cs42-sfe.infd.edu.ar\/sitio\/wp-content\/uploads\/2025\/09\/WhatsApp-Image-2025-09-16-at-7.00.29-PM-5-768x1365.jpeg 768w, https:\/\/cs42-sfe.infd.edu.ar\/sitio\/wp-content\/uploads\/2025\/09\/WhatsApp-Image-2025-09-16-at-7.00.29-PM-5-864x1536.jpeg 864w\" sizes=\"(max-width: 900px) 100vw, 900px\" \/><\/figure>\n\n\n\n<figure class=\"wp-block-image size-large\"><img decoding=\"async\" loading=\"lazy\" width=\"1600\" height=\"1200\" data-id=\"2441\"  src=\"https:\/\/cs42-sfe.infd.edu.ar\/sitio\/wp-content\/uploads\/2025\/09\/WhatsApp-Image-2025-09-16-at-7.00.30-PM-4.jpeg\" alt=\"\" class=\"wp-image-2441\" srcset=\"https:\/\/cs42-sfe.infd.edu.ar\/sitio\/wp-content\/uploads\/2025\/09\/WhatsApp-Image-2025-09-16-at-7.00.30-PM-4.jpeg 1600w, https:\/\/cs42-sfe.infd.edu.ar\/sitio\/wp-content\/uploads\/2025\/09\/WhatsApp-Image-2025-09-16-at-7.00.30-PM-4-1000x750.jpeg 1000w, https:\/\/cs42-sfe.infd.edu.ar\/sitio\/wp-content\/uploads\/2025\/09\/WhatsApp-Image-2025-09-16-at-7.00.30-PM-4-768x576.jpeg 768w, https:\/\/cs42-sfe.infd.edu.ar\/sitio\/wp-content\/uploads\/2025\/09\/WhatsApp-Image-2025-09-16-at-7.00.30-PM-4-1536x1152.jpeg 1536w\" sizes=\"(max-width: 1600px) 100vw, 1600px\" \/><\/figure>\n\n\n\n<figure class=\"wp-block-image size-large\"><img decoding=\"async\" loading=\"lazy\" width=\"900\" height=\"1600\" data-id=\"2443\"  src=\"https:\/\/cs42-sfe.infd.edu.ar\/sitio\/wp-content\/uploads\/2025\/09\/WhatsApp-Image-2025-09-16-at-7.00.29-PM-1-3.jpeg\" alt=\"\" class=\"wp-image-2443\" srcset=\"https:\/\/cs42-sfe.infd.edu.ar\/sitio\/wp-content\/uploads\/2025\/09\/WhatsApp-Image-2025-09-16-at-7.00.29-PM-1-3.jpeg 900w, https:\/\/cs42-sfe.infd.edu.ar\/sitio\/wp-content\/uploads\/2025\/09\/WhatsApp-Image-2025-09-16-at-7.00.29-PM-1-3-563x1000.jpeg 563w, https:\/\/cs42-sfe.infd.edu.ar\/sitio\/wp-content\/uploads\/2025\/09\/WhatsApp-Image-2025-09-16-at-7.00.29-PM-1-3-768x1365.jpeg 768w, https:\/\/cs42-sfe.infd.edu.ar\/sitio\/wp-content\/uploads\/2025\/09\/WhatsApp-Image-2025-09-16-at-7.00.29-PM-1-3-864x1536.jpeg 864w\" sizes=\"(max-width: 900px) 100vw, 900px\" \/><\/figure>\n<\/figure>\n\n\n\n<hr class=\"wp-block-separator has-alpha-channel-opacity\"\/>\n\n\n\n<p><span class=\"a_GcMg font-feature-liga-off font-feature-clig-off font-feature-calt-off text-decoration-none text-strikethrough-none\">Al finalizar su formaci\u00f3n los alumnos, futuros docentes, deber\u00e1n:<\/span><\/p>\n\n\n\n<ul>\n<li><span class=\"a_GcMg font-feature-liga-off font-feature-clig-off font-feature-calt-off text-decoration-none text-strikethrough-none\">Alcanzar una formaci\u00f3n espec\u00edfica y pedag\u00f3gica para atender la ense\u00f1anza de los contenidos del \u00e1rea de Ciencias Sociales.<\/span><\/li>\n\n\n\n<li>Comprender la realidad educativa en sus m\u00faltiples manifestaciones, de modo que favorezca su desempe\u00f1o docente en el aula, en la instituci\u00f3n y en la comunidad.<\/li>\n\n\n\n<li>Analizar las propuestas de cambio del Sistema Educativo en articulaci\u00f3n con las necesidades y demandas de la sociedad.<\/li>\n\n\n\n<li>Identificar las caracter\u00edsticas propias de las etapas et\u00e9reas por las que transitan sus alumnos construyendo criterios v\u00e1lidos para su intervenci\u00f3n pedag\u00f3gica.<\/li>\n\n\n\n<li>Planificar, conducir y evaluar estrategias de ense\u00f1anza de contenidos de la Geograf\u00eda en particular y de las Ciencias Sociales, en general, en relaci\u00f3n con las caracter\u00edsticas personales, sociales y culturales de sus alumnos.<\/li>\n\n\n\n<li>Reflexionar acerca de las estrategias de ense\u00f1anza y los procesos de aprendizaje en Ciencias Sociales.<\/li>\n\n\n\n<li>Fundamentar te\u00f3ricamente su hacer did\u00e1ctico y asumir una actitud cr\u00edtica y reflexiva en el desarrollo de tareas de ense\u00f1anza de la Geograf\u00eda y de las Ciencias Sociales.<\/li>\n<\/ul>\n\n\n\n<hr class=\"wp-block-separator has-alpha-channel-opacity\"\/>\n\n\n\n<p><strong>PLAN DE ESTUDIOS<br><\/strong>1\u00b0 A\u00d1O:<\/p>\n\n\n\n<ul>\n<li>Pedagog\u00eda<strong><br><\/strong><\/li>\n\n\n\n<li>UCCV Historia mundial contempor\u00e1nea<\/li>\n\n\n\n<li>Introducci\u00f3n al conocimiento geogr\u00e1fico<\/li>\n\n\n\n<li>Geograf\u00eda de la poblaci\u00f3n<\/li>\n\n\n\n<li>Fundamentos de econom\u00eda y ciencias pol\u00edticas<\/li>\n\n\n\n<li>Geograf\u00eda ambiental I<\/li>\n\n\n\n<li>UCO<\/li>\n\n\n\n<li>Pr\u00e1ctica docente I<\/li>\n\n\n\n<li>El espacio geogr\u00e1fico en contextos locales<\/li>\n<\/ul>\n\n\n\n<p>2\u00b0 A\u00d1O:<\/p>\n\n\n\n<ul>\n<li>Instituciones educativas<\/li>\n\n\n\n<li>Did\u00e1ctica y curriculum<\/li>\n\n\n\n<li>Psicolog\u00eda y educaci\u00f3n<\/li>\n\n\n\n<li>Geograf\u00eda ambiental II<\/li>\n\n\n\n<li>Geograf\u00eda urbana y rural<\/li>\n\n\n\n<li>Geograf\u00eda econ\u00f3mica<\/li>\n\n\n\n<li>Geograf\u00eda de Am\u00e9rica<\/li>\n\n\n\n<li>Did\u00e1ctica de la Geograf\u00eda I<\/li>\n\n\n\n<li>Pr\u00e1ctica docente II<\/li>\n<\/ul>\n\n\n\n<p>3\u00b0 A\u00d1O:<\/p>\n\n\n\n<ul>\n<li>Historia y pol\u00edtica de la educaci\u00f3n argentina<strong><br><\/strong><\/li>\n\n\n\n<li>Filosof\u00eda<\/li>\n\n\n\n<li>UCCV Pensamiento socio &#8211; antropol\u00f3gico<\/li>\n\n\n\n<li>Teor\u00eda de la Geograf\u00eda<\/li>\n\n\n\n<li>Dimensi\u00f3n geogr\u00e1fica de las problem\u00e1ticas ambientales<\/li>\n\n\n\n<li>Sujetos de la educaci\u00f3n secundaria<\/li>\n\n\n\n<li>Geograf\u00eda argentina I<\/li>\n\n\n\n<li>Geograf\u00eda de los espacios mundiales I<\/li>\n\n\n\n<li>Did\u00e1ctica de la geograf\u00eda II<\/li>\n\n\n\n<li>Metodolog\u00eda de la investigaci\u00f3n geogr\u00e1fica<\/li>\n\n\n\n<li>Pr\u00e1ctica docente III<\/li>\n<\/ul>\n\n\n\n<p>4\u00b0 A\u00d1O:<\/p>\n\n\n\n<ul>\n<li>\u00c9tica y trabajo docente<strong><br><\/strong><\/li>\n\n\n\n<li>ESI<strong><br><\/strong><\/li>\n\n\n\n<li>UDI<strong><br><\/strong><\/li>\n\n\n\n<li>Geograf\u00eda argentina II<strong><br><\/strong><\/li>\n\n\n\n<li>Geograf\u00eda de los espacios mundiales II<strong><br><\/strong><\/li>\n\n\n\n<li>Espacios geogr\u00e1ficos de ordenamiento territorial<strong><br><\/strong><\/li>\n\n\n\n<li>Investigaci\u00f3n geogr\u00e1fica en territorio local<strong><br><\/strong><\/li>\n\n\n\n<li>Geograf\u00eda pol\u00edtica<strong><br><\/strong><\/li>\n\n\n\n<li>UCO<strong><br><\/strong><\/li>\n\n\n\n<li>Pr\u00e1ctica docente IV: Residencia<strong><br><\/strong><\/li>\n\n\n\n<li>Producci\u00f3n did\u00e1ctica<\/li>\n<\/ul>\n\n\n\n<hr class=\"wp-block-separator has-alpha-channel-opacity\"\/>\n\n\n\n<p><em>Descargar Plan de Estudio<\/em><\/p>\n\n\n\n<p><a href=\"https:\/\/cs42-sfe.infd.edu.ar\/sitio\/wp-content\/uploads\/2020\/04\/Geografia2090.pdf\">Geografia2090<\/a><\/p>\n","protected":false},"excerpt":{"rendered":"<p>Al finalizar su formaci\u00f3n los alumnos, futuros docentes, deber\u00e1n: PLAN DE ESTUDIOS1\u00b0 A\u00d1O: 2\u00b0 A\u00d1O: 3\u00b0 A\u00d1O: 4\u00b0 A\u00d1O: Descargar Plan de Estudio Geografia2090<\/p>\n","protected":false},"author":23,"featured_media":0,"parent":0,"menu_order":0,"comment_status":"closed","ping_status":"closed","template":"","meta":[],"acf":[],"_links":{"self":[{"href":"https:\/\/cs42-sfe.infd.edu.ar\/sitio\/wp-json\/wp\/v2\/pages\/1125"}],"collection":[{"href":"https:\/\/cs42-sfe.infd.edu.ar\/sitio\/wp-json\/wp\/v2\/pages"}],"about":[{"href":"https:\/\/cs42-sfe.infd.edu.ar\/sitio\/wp-json\/wp\/v2\/types\/page"}],"author":[{"embeddable":true,"href":"https:\/\/cs42-sfe.infd.edu.ar\/sitio\/wp-json\/wp\/v2\/users\/23"}],"replies":[{"embeddable":true,"href":"https:\/\/cs42-sfe.infd.edu.ar\/sitio\/wp-json\/wp\/v2\/comments?post=1125"}],"version-history":[{"count":8,"href":"https:\/\/cs42-sfe.infd.edu.ar\/sitio\/wp-json\/wp\/v2\/pages\/1125\/revisions"}],"predecessor-version":[{"id":2448,"href":"https:\/\/cs42-sfe.infd.edu.ar\/sitio\/wp-json\/wp\/v2\/pages\/1125\/revisions\/2448"}],"wp:attachment":[{"href":"https:\/\/cs42-sfe.infd.edu.ar\/sitio\/wp-json\/wp\/v2\/media?parent=1125"}],"curies":[{"name":"wp","href":"https:\/\/api.w.org\/{rel}","templated":true}]}}

PROFESORADO DE EDUCACIÓN SECUNDARIA EN GEOGRAFÍA &#8211; PLAN 2090/15

<figure class="wp-block-gallery has-nested-images columns-default is-cropped wp-block-gallery-1 is-layout-flex">
<figure class="wp-block-image size-large"><img decoding="async" loading="lazy" width="900" height="1600" data-id="2442"  src="https://cs42-sfe.infd.edu.ar/sitio/wp-content/uploads/2025/09/WhatsApp-Image-2025-09-16-at-7.00.29-PM-5.jpeg" alt="" class="wp-image-2442" srcset="https://cs42-sfe.infd.edu.ar/sitio/wp-content/uploads/2025/09/WhatsApp-Image-2025-09-16-at-7.00.29-PM-5.jpeg 900w, https://cs42-sfe.infd.edu.ar/sitio/wp-content/uploads/2025/09/WhatsApp-Image-2025-09-16-at-7.00.29-PM-5-563x1000.jpeg 563w, https://cs42-sfe.infd.edu.ar/sitio/wp-content/uploads/2025/09/WhatsApp-Image-2025-09-16-at-7.00.29-PM-5-768x1365.jpeg 768w, https://cs42-sfe.infd.edu.ar/sitio/wp-content/uploads/2025/09/WhatsApp-Image-2025-09-16-at-7.00.29-PM-5-864x1536.jpeg 864w" sizes="(max-width: 900px) 100vw, 900px" /></figure>



<figure class="wp-block-image size-large"><img decoding="async" loading="lazy" width="1600" height="1200" data-id="2441"  src="https://cs42-sfe.infd.edu.ar/sitio/wp-content/uploads/2025/09/WhatsApp-Image-2025-09-16-at-7.00.30-PM-4.jpeg" alt="" class="wp-image-2441" srcset="https://cs42-sfe.infd.edu.ar/sitio/wp-content/uploads/2025/09/WhatsApp-Image-2025-09-16-at-7.00.30-PM-4.jpeg 1600w, https://cs42-sfe.infd.edu.ar/sitio/wp-content/uploads/2025/09/WhatsApp-Image-2025-09-16-at-7.00.30-PM-4-1000x750.jpeg 1000w, https://cs42-sfe.infd.edu.ar/sitio/wp-content/uploads/2025/09/WhatsApp-Image-2025-09-16-at-7.00.30-PM-4-768x576.jpeg 768w, https://cs42-sfe.infd.edu.ar/sitio/wp-content/uploads/2025/09/WhatsApp-Image-2025-09-16-at-7.00.30-PM-4-1536x1152.jpeg 1536w" sizes="(max-width: 1600px) 100vw, 1600px" /></figure>



<figure class="wp-block-image size-large"><img decoding="async" loading="lazy" width="900" height="1600" data-id="2443"  src="https://cs42-sfe.infd.edu.ar/sitio/wp-content/uploads/2025/09/WhatsApp-Image-2025-09-16-at-7.00.29-PM-1-3.jpeg" alt="" class="wp-image-2443" srcset="https://cs42-sfe.infd.edu.ar/sitio/wp-content/uploads/2025/09/WhatsApp-Image-2025-09-16-at-7.00.29-PM-1-3.jpeg 900w, https://cs42-sfe.infd.edu.ar/sitio/wp-content/uploads/2025/09/WhatsApp-Image-2025-09-16-at-7.00.29-PM-1-3-563x1000.jpeg 563w, https://cs42-sfe.infd.edu.ar/sitio/wp-content/uploads/2025/09/WhatsApp-Image-2025-09-16-at-7.00.29-PM-1-3-768x1365.jpeg 768w, https://cs42-sfe.infd.edu.ar/sitio/wp-content/uploads/2025/09/WhatsApp-Image-2025-09-16-at-7.00.29-PM-1-3-864x1536.jpeg 864w" sizes="(max-width: 900px) 100vw, 900px" /></figure>
</figure>



<hr class="wp-block-separator has-alpha-channel-opacity"/>



<p><span class="a_GcMg font-feature-liga-off font-feature-clig-off font-feature-calt-off text-decoration-none text-strikethrough-none">Al finalizar su formación los alumnos, futuros docentes, deberán:</span></p>



<ul>
<li><span class="a_GcMg font-feature-liga-off font-feature-clig-off font-feature-calt-off text-decoration-none text-strikethrough-none">Alcanzar una formación específica y pedagógica para atender la enseñanza de los contenidos del área de Ciencias Sociales.</span></li>



<li>Comprender la realidad educativa en sus múltiples manifestaciones, de modo que favorezca su desempeño docente en el aula, en la institución y en la comunidad.</li>



<li>Analizar las propuestas de cambio del Sistema Educativo en articulación con las necesidades y demandas de la sociedad.</li>



<li>Identificar las características propias de las etapas etéreas por las que transitan sus alumnos construyendo criterios válidos para su intervención pedagógica.</li>



<li>Planificar, conducir y evaluar estrategias de enseñanza de contenidos de la Geografía en particular y de las Ciencias Sociales, en general, en relación con las características personales, sociales y culturales de sus alumnos.</li>



<li>Reflexionar acerca de las estrategias de enseñanza y los procesos de aprendizaje en Ciencias Sociales.</li>



<li>Fundamentar teóricamente su hacer didáctico y asumir una actitud crítica y reflexiva en el desarrollo de tareas de enseñanza de la Geografía y de las Ciencias Sociales.</li>
</ul>



<hr class="wp-block-separator has-alpha-channel-opacity"/>



<p><strong>PLAN DE ESTUDIOS<br></strong>1° AÑO:</p>



<ul>
<li>Pedagogía<strong><br></strong></li>



<li>UCCV Historia mundial contemporánea</li>



<li>Introducción al conocimiento geográfico</li>



<li>Geografía de la población</li>



<li>Fundamentos de economía y ciencias políticas</li>



<li>Geografía ambiental I</li>



<li>UCO</li>



<li>Práctica docente I</li>



<li>El espacio geográfico en contextos locales</li>
</ul>



<p>2° AÑO:</p>



<ul>
<li>Instituciones educativas</li>



<li>Didáctica y curriculum</li>



<li>Psicología y educación</li>



<li>Geografía ambiental II</li>



<li>Geografía urbana y rural</li>



<li>Geografía económica</li>



<li>Geografía de América</li>



<li>Didáctica de la Geografía I</li>



<li>Práctica docente II</li>
</ul>



<p>3° AÑO:</p>



<ul>
<li>Historia y política de la educación argentina<strong><br></strong></li>



<li>Filosofía</li>



<li>UCCV Pensamiento socio &#8211; antropológico</li>



<li>Teoría de la Geografía</li>



<li>Dimensión geográfica de las problemáticas ambientales</li>



<li>Sujetos de la educación secundaria</li>



<li>Geografía argentina I</li>



<li>Geografía de los espacios mundiales I</li>



<li>Didáctica de la geografía II</li>



<li>Metodología de la investigación geográfica</li>



<li>Práctica docente III</li>
</ul>



<p>4° AÑO:</p>



<ul>
<li>Ética y trabajo docente<strong><br></strong></li>



<li>ESI<strong><br></strong></li>



<li>UDI<strong><br></strong></li>



<li>Geografía argentina II<strong><br></strong></li>



<li>Geografía de los espacios mundiales II<strong><br></strong></li>



<li>Espacios geográficos de ordenamiento territorial<strong><br></strong></li>



<li>Investigación geográfica en territorio local<strong><br></strong></li>



<li>Geografía política<strong><br></strong></li>



<li>UCO<strong><br></strong></li>



<li>Práctica docente IV: Residencia<strong><br></strong></li>



<li>Producción didáctica</li>
</ul>



<hr class="wp-block-separator has-alpha-channel-opacity"/>



<p><em>Descargar Plan de Estudio</em></p>



<p><a href="https://cs42-sfe.infd.edu.ar/sitio/wp-content/uploads/2020/04/Geografia2090.pdf">Geografia2090</a></p>

<p>Al finalizar su formación los alumnos, futuros docentes, deberán: PLAN DE ESTUDIOS1° AÑO: 2° AÑO: 3° AÑO: 4° AÑO: Descargar Plan de Estudio Geografia2090</p>
