{"id":1278,"date":"2021-02-25T12:03:14","date_gmt":"2021-02-25T15:03:14","guid":{"rendered":"https:\/\/cs42-sfe.infd.edu.ar\/sitio\/?page_id=1278"},"modified":"2024-09-05T21:45:49","modified_gmt":"2024-09-06T00:45:49","slug":"investigacion-integrantes","status":"publish","type":"page","link":"https:\/\/cs42-sfe.infd.edu.ar\/sitio\/investigacion-integrantes\/","title":{"rendered":"Integrantes"},"content":{"rendered":"\n<figure class=\"wp-block-table is-style-stripes\"><table><tbody><tr><td><strong>NOMBRE, CARGO E INSTITUCI\u00d3N<\/strong><\/td><td><strong>Correo electr\u00f3nico<\/strong><\/td><td><strong>Disciplina\/<\/strong><strong> M\u00f3dulo<\/strong><\/td><td><\/td><\/tr><tr><td><strong>1. Ver\u00f3nica Lili\u00e1n Lacombe, Prof. CS42<\/strong><\/td><td><a href=\"mailto:veronicalacombe@gmail.com\"><strong>veronicalacombe@gmail.com<\/strong><\/a><strong>&nbsp;<\/strong><\/td><td><strong>Econom\u00eda \/ M\u00f3dulo 1<\/strong><\/td><td><\/td><\/tr><tr><td><strong>2. Sara Gladys Zabala, Prof. CS42<\/strong><\/td><td><a href=\"mailto:sarizabgeo91@gmail.com\"><strong>sarizabgeo91@gmail.com<\/strong><\/a><strong>&nbsp;<\/strong><\/td><td><strong>Geograf\u00eda \/ M\u00f3dulo 2<\/strong><\/td><td><\/td><\/tr><tr><td><strong>3. Mar\u00eda Adela Merip, Prof. CS42<\/strong><\/td><td><a href=\"mailto:adelamerip@gmail.com\"><strong>adelamerip@gmail.com<\/strong><\/a><strong>&nbsp;<\/strong><\/td><td><strong>Derecho \/ M\u00f3dulo 1<\/strong><\/td><td><\/td><\/tr><tr><td><strong>4. Carolina Paola Rossa, Prof. CS42<\/strong><\/td><td><a href=\"mailto:karitovera6@hotmail.com\"><strong>karitovera6@hotmail.com<\/strong><\/a><strong>&nbsp;<\/strong><\/td><td><strong>Econom\u00eda \/ M\u00f3dulo 2 y 3<\/strong><\/td><td><\/td><\/tr><tr><td><strong>5. Graciela Elisabet Sarramona, Prof. CS42<\/strong><\/td><td><a href=\"mailto:elisabet.gs54@gmail.com\"><strong>elisabet.gs54@gmail.com<\/strong><\/a><strong>&nbsp;<\/strong><\/td><td><strong>Computaci\u00f3n \/ M\u00f3dulo 2<\/strong><\/td><td><\/td><\/tr><tr><td><strong>6. Lucrecia Aldana Nigra, Prof. CS42<\/strong><\/td><td><a href=\"mailto:lucrenigra312@gmail.com\"><strong>lucrenigra312@gmail.com<\/strong><\/a><\/td><td><strong>Cs. Educaci\u00f3n \/ M\u00f3dulo 1<\/strong><\/td><td><\/td><\/tr><tr><td><strong>7. Miguel \u00c1ngel G\u00f3mez, Prof. CS42<\/strong><\/td><td><a href=\"mailto:miguelgomezvera@yahoo.com.ar\"><strong>miguelgomezvera@yahoo.com.ar<\/strong><\/a><\/td><td><strong>Cs. Educaci\u00f3n \/ M\u00f3dulo 2<\/strong><\/td><td><\/td><\/tr><tr><td><strong>8. Walter Pighin, Rector y Prof. CS42<\/strong><\/td><td><a href=\"mailto:walterpighin@hotmail.com\"><strong>walterpighin@hotmail.com<\/strong><\/a><strong>&nbsp;<\/strong><\/td><td><strong>Historia \/ M\u00f3dulo 2<\/strong><\/td><td><\/td><\/tr><tr><td><strong>9. Andrea Daniela Vergara, Prof. CS42<\/strong><\/td><td><a href=\"mailto:vergara.andreadaniela@gmail.com\"><strong>vergara.andreadaniela@gmail.com<\/strong><\/a><strong>&nbsp;<\/strong><\/td><td><strong>Ingl\u00e9s \/ M\u00f3dulo 3<\/strong><\/td><td><\/td><\/tr><tr><td><strong>10. Leonardo Mansilla, Prof. CS42<\/strong><\/td><td><a href=\"mailto:leonardom87@hotmail.com\"><strong>leonardom87@hotmail.com<\/strong><\/a><strong>&nbsp;<\/strong><\/td><td><strong>Lengua \/ M\u00f3dulo 1<\/strong><\/td><td><\/td><\/tr><tr><td><strong>11. Ricardo Arroyo, Prof. CS42<\/strong><\/td><td><a href=\"mailto:arroyoricardo0@gmail.com\"><strong>arroyoricardo0@gmail.com<\/strong><\/a><strong>&nbsp;<\/strong><\/td><td><strong>Historia \/ M\u00f3dulo 1<\/strong><\/td><td><\/td><\/tr><tr><td><strong>12. Anal\u00eda Mart\u00ednez, Prof. CS42-Lic. en Sistemas<\/strong><\/td><td><a href=\"mailto:anyteck20@gmail.com\"><strong>anyteck20@gmail.com<\/strong><\/a><strong>&nbsp;<\/strong><\/td><td><strong>Sistemas \/ M\u00f3dulo 3<\/strong><\/td><td><\/td><\/tr><tr><td><strong>13. Mar\u00eda del Pilar Ag\u00fa, Punto Focal ODS, Municipalidad de Vera<\/strong><\/td><td><strong><a href=\"mailto:pilar_agu34@hotmail.com\">pilar_agu34@hotmail.com<\/a><\/strong><\/td><td><strong>Localizaci\u00f3n ODS<\/strong><\/td><td><\/td><\/tr><tr><td><strong>14. Ram\u00f3n Rios, Profesor CS 42<\/strong> <\/td><td><strong><a href=\"mailto:horaciowalter69@gmail.com\">rios_42@hotmail.com<\/a><\/strong><\/td><td><strong>Sistema \/ M\u00f3dulo <\/strong>3<\/td><td><\/td><\/tr><tr><td><strong>15.<\/strong> <strong>Mart\u00edn Maldonado, Investigador, CONICET &#8211; UNC <\/strong>  <\/td><td><a href=\"mailto:martinmaldo@hotmail.com\"><strong>martinmaldo@hotmail.com<\/strong><\/a><\/td><td><strong>Ciencia Pol\u00edtica &#8211; Administraci\u00f3n Publica Municipal M\u00f3d. Coord.<\/strong><\/td><td><\/td><\/tr><tr><td><strong>16. Alberto Cimadamore, Investigador CONICET &#8211; FCE UBA<\/strong><\/td><td><a href=\"mailto:cimadamore@yahoo.com\"><strong>cimadamore@yahoo.com<\/strong><\/a><strong>&nbsp;<\/strong><\/td><td><strong>Ciencia Pol\u00edtica y CS<\/strong><strong>IP &#8211; Coordinaci\u00f3n<\/strong><\/td><td><\/td><\/tr><\/tbody><\/table><\/figure>\n\n\n\n<div class=\"alignnormal\"><div id=\"metaslider-id-1216\" style=\"width: 100%;\" class=\"ml-slider-3-33-0 metaslider metaslider-flex metaslider-1216 ml-slider ms-theme-default\" role=\"region\" aria-roledescription=\"Slideshow\" aria-label=\"Slideshow\">\n    <div id=\"metaslider_container_1216\">\n        <div id=\"metaslider_1216\" class=\"flexslider\">\n            <ul aria-live=\"polite\" class=\"slides\">\n                <li style=\"display: block; width: 100%;\" class=\"slide-1323 ms-image\" aria-roledescription=\"slide\" aria-label=\"slide-1323\"><img src=\"https:\/\/cs42-sfe.infd.edu.ar\/sitio\/wp-content\/uploads\/2021\/09\/logo2-scaled-1100x200.jpg\" height=\"200\" width=\"1100\" alt=\"\" class=\"slider-1216 slide-1323\" title=\"logo2\" \/><\/li>\n                <li style=\"display: none; width: 100%;\" class=\"slide-1324 ms-image\" aria-roledescription=\"slide\" aria-label=\"slide-1324\"><img src=\"https:\/\/cs42-sfe.infd.edu.ar\/sitio\/wp-content\/uploads\/2021\/06\/ODS-ci\u0301rculo-768x545-768x139.png\" height=\"200\" width=\"1100\" alt=\"\" class=\"slider-1216 slide-1324\" title=\"ODS-ci\u0301rculo-768x545\" \/><\/li>\n                <li style=\"display: none; width: 100%;\" class=\"slide-1326 ms-image\" aria-roledescription=\"slide\" aria-label=\"slide-1326\"><img src=\"https:\/\/cs42-sfe.infd.edu.ar\/sitio\/wp-content\/uploads\/2020\/04\/col-sup-418x76.png\" height=\"200\" width=\"1100\" alt=\"\" class=\"slider-1216 slide-1326\" title=\"col sup\" \/><\/li>\n            <\/ul>\n        <\/div>\n        \n    <\/div>\n<\/div><\/div>\n","protected":false},"excerpt":{"rendered":"<p>NOMBRE, CARGO E INSTITUCI\u00d3N Correo electr\u00f3nico Disciplina\/ M\u00f3dulo 1. Ver\u00f3nica Lili\u00e1n Lacombe, Prof. CS42 veronicalacombe@gmail.com&nbsp; Econom\u00eda \/ M\u00f3dulo 1 2. Sara Gladys Zabala, Prof. CS42 sarizabgeo91@gmail.com&nbsp; Geograf\u00eda \/ M\u00f3dulo 2 3. Mar\u00eda Adela Merip, Prof. CS42 adelamerip@gmail.com&nbsp; Derecho \/ M\u00f3dulo 1 4. Carolina Paola Rossa, Prof. CS42 karitovera6@hotmail.com&nbsp; Econom\u00eda \/ M\u00f3dulo 2 y 3 5. &#8230; <a title=\"Integrantes\" class=\"read-more\" href=\"https:\/\/cs42-sfe.infd.edu.ar\/sitio\/investigacion-integrantes\/\" aria-label=\"More on Integrantes\">[+]<\/a><\/p>\n","protected":false},"author":37,"featured_media":0,"parent":0,"menu_order":0,"comment_status":"closed","ping_status":"closed","template":"","meta":[],"acf":[],"_links":{"self":[{"href":"https:\/\/cs42-sfe.infd.edu.ar\/sitio\/wp-json\/wp\/v2\/pages\/1278"}],"collection":[{"href":"https:\/\/cs42-sfe.infd.edu.ar\/sitio\/wp-json\/wp\/v2\/pages"}],"about":[{"href":"https:\/\/cs42-sfe.infd.edu.ar\/sitio\/wp-json\/wp\/v2\/types\/page"}],"author":[{"embeddable":true,"href":"https:\/\/cs42-sfe.infd.edu.ar\/sitio\/wp-json\/wp\/v2\/users\/37"}],"replies":[{"embeddable":true,"href":"https:\/\/cs42-sfe.infd.edu.ar\/sitio\/wp-json\/wp\/v2\/comments?post=1278"}],"version-history":[{"count":13,"href":"https:\/\/cs42-sfe.infd.edu.ar\/sitio\/wp-json\/wp\/v2\/pages\/1278\/revisions"}],"predecessor-version":[{"id":1972,"href":"https:\/\/cs42-sfe.infd.edu.ar\/sitio\/wp-json\/wp\/v2\/pages\/1278\/revisions\/1972"}],"wp:attachment":[{"href":"https:\/\/cs42-sfe.infd.edu.ar\/sitio\/wp-json\/wp\/v2\/media?parent=1278"}],"curies":[{"name":"wp","href":"https:\/\/api.w.org\/{rel}","templated":true}]}}