{"id":776,"date":"2018-08-31T16:07:15","date_gmt":"2018-08-31T19:07:15","guid":{"rendered":"https:\/\/cs42-sfe.infd.edu.ar\/sitio\/datos-institucionales\/"},"modified":"2020-04-07T11:42:33","modified_gmt":"2020-04-07T14:42:33","slug":"datos-institucionales","status":"publish","type":"page","link":"https:\/\/cs42-sfe.infd.edu.ar\/sitio\/datos-institucionales\/","title":{"rendered":"Datos institucionales"},"content":{"rendered":"<p>&nbsp;<\/p>\n<p class=\"Borde_rojo\" style=\"text-align: center;\"><strong><span style=\"font-size: 12pt; color: #0000ff;\">COLEGIO SUPERIOR N\u00ba 42&#8243;Dr. Agust\u00edn Luis Rossi\u00bb<\/span><\/strong><\/p>\n<p><img decoding=\"async\" loading=\"lazy\" class=\"alignnone size-full wp-image-1167\" src=\"https:\/\/cs42-sfe.infd.edu.ar\/sitio\/wp-content\/uploads\/2020\/04\/col-sup.png\" alt=\"\" width=\"418\" height=\"303\" \/><\/p>\n<ul>\n<li><span style=\"font-family: verdana; font-size: 10pt;\">Horarios de Atenci\u00f3n: Lunes a Viernes de 18:00 a 23:00 hs.<br \/>\n<\/span><\/li>\n<li><span style=\"font-family: verdana; font-size: 10pt;\">Direcci\u00f3n: Mitre 2445- Vera- Santa Fe<br \/>\n<\/span><\/li>\n<li><span style=\"font-family: verdana; font-size: 10pt;\">Tel\u00e9fonos: 03483-420154<br \/>\n<\/span><\/li>\n<li><span style=\"font-family: verdana; font-size: 10pt;\">E-mail de consultas: msuperior42_vera@santafe.edu.ar<br \/>\n<\/span><\/li>\n<li><span style=\"font-family: verdana; font-size: 10pt;\">URL: http:\/\/cs42.sfe.infd.edu.ar<\/span><\/li>\n<\/ul>\n","protected":false},"excerpt":{"rendered":"<p>&nbsp; COLEGIO SUPERIOR N\u00ba 42&#8243;Dr. Agust\u00edn Luis Rossi\u00bb Horarios de Atenci\u00f3n: Lunes a Viernes de 18:00 a 23:00 hs. Direcci\u00f3n: Mitre 2445- Vera- Santa Fe Tel\u00e9fonos: 03483-420154 E-mail de consultas: msuperior42_vera@santafe.edu.ar URL: http:\/\/cs42.sfe.infd.edu.ar<\/p>\n","protected":false},"author":21,"featured_media":0,"parent":0,"menu_order":0,"comment_status":"closed","ping_status":"closed","template":"","meta":[],"acf":[],"_links":{"self":[{"href":"https:\/\/cs42-sfe.infd.edu.ar\/sitio\/wp-json\/wp\/v2\/pages\/776"}],"collection":[{"href":"https:\/\/cs42-sfe.infd.edu.ar\/sitio\/wp-json\/wp\/v2\/pages"}],"about":[{"href":"https:\/\/cs42-sfe.infd.edu.ar\/sitio\/wp-json\/wp\/v2\/types\/page"}],"author":[{"embeddable":true,"href":"https:\/\/cs42-sfe.infd.edu.ar\/sitio\/wp-json\/wp\/v2\/users\/21"}],"replies":[{"embeddable":true,"href":"https:\/\/cs42-sfe.infd.edu.ar\/sitio\/wp-json\/wp\/v2\/comments?post=776"}],"version-history":[{"count":3,"href":"https:\/\/cs42-sfe.infd.edu.ar\/sitio\/wp-json\/wp\/v2\/pages\/776\/revisions"}],"predecessor-version":[{"id":1168,"href":"https:\/\/cs42-sfe.infd.edu.ar\/sitio\/wp-json\/wp\/v2\/pages\/776\/revisions\/1168"}],"wp:attachment":[{"href":"https:\/\/cs42-sfe.infd.edu.ar\/sitio\/wp-json\/wp\/v2\/media?parent=776"}],"curies":[{"name":"wp","href":"https:\/\/api.w.org\/{rel}","templated":true}]}}